{"id":45,"date":"2014-02-20T14:26:34","date_gmt":"2014-02-20T14:26:34","guid":{"rendered":"http:\/\/www.bcnweddingplanners.com\/rus\/?page_id=45"},"modified":"2015-12-02T16:18:53","modified_gmt":"2015-12-02T16:18:53","slug":"%d1%81%d0%b2%d0%b0%d0%b4%d1%8c%d0%b1%d1%8b-%d0%b2-%d0%b1%d0%b0%d1%80%d1%81%d0%b5%d0%bb%d0%be%d0%bd%d0%b5","status":"publish","type":"page","link":"https:\/\/www.bcnweddingplanners.com\/rus\/%d1%81%d0%b2%d0%b0%d0%b4%d1%8c%d0%b1%d1%8b-%d0%b2-%d0%b1%d0%b0%d1%80%d1%81%d0%b5%d0%bb%d0%be%d0%bd%d0%b5\/","title":{"rendered":"\u0421\u0432\u0430\u0434\u044c\u0431\u044b \u0432 \u0411\u0430\u0440\u0441\u0435\u043b\u043e\u043d\u0435"},"content":{"rendered":"<p>[et_pb_section fullwidth=&#187;on&#187; specialty=&#187;off&#187;][et_pb_fullwidth_slider admin_label=&#187;Fullwidth Slider&#187; show_arrows=&#187;on&#187; show_pagination=&#187;on&#187; auto=&#187;on&#187; parallax=&#187;off&#187; auto_speed=&#187;5000&#8243; parallax_method=&#187;off&#187;] [et_pb_slide background_image=&#187;http:\/\/www.bcnweddingplanners.com\/rus\/wp-content\/uploads\/sites\/6\/2014\/02\/spain_wedding.png&#187; background_color=&#187;#ffffff&#187; alignment=&#187;center&#187; background_layout=&#187;dark&#187; \/][et_pb_slide background_image=&#187;http:\/\/www.bcnweddingplanners.com\/rus\/wp-content\/uploads\/sites\/6\/2014\/02\/Spain_Wedding_02.png&#187; background_color=&#187;#ffffff&#187; alignment=&#187;center&#187; background_layout=&#187;dark&#187; \/][et_pb_slide background_image=&#187;http:\/\/www.bcnweddingplanners.com\/rus\/wp-content\/uploads\/sites\/6\/2014\/02\/Spain_Wedding_03.png&#187; background_color=&#187;#ffffff&#187; alignment=&#187;center&#187; background_layout=&#187;dark&#187; \/][et_pb_slide background_image=&#187;http:\/\/www.bcnweddingplanners.com\/rus\/wp-content\/uploads\/sites\/6\/2014\/02\/Spain_Wedding_04.png&#187; background_color=&#187;#ffffff&#187; alignment=&#187;center&#187; background_layout=&#187;dark&#187; \/][et_pb_slide background_image=&#187;http:\/\/www.bcnweddingplanners.com\/rus\/wp-content\/uploads\/sites\/6\/2014\/02\/Spain_Wedding_05.png&#187; background_color=&#187;#ffffff&#187; alignment=&#187;center&#187; background_layout=&#187;dark&#187; \/][et_pb_slide background_image=&#187;http:\/\/www.bcnweddingplanners.com\/rus\/wp-content\/uploads\/sites\/6\/2014\/02\/Spain_Wedding_06.png&#187; background_color=&#187;#ffffff&#187; alignment=&#187;center&#187; background_layout=&#187;dark&#187; \/][et_pb_slide background_image=&#187;http:\/\/www.bcnweddingplanners.com\/rus\/wp-content\/uploads\/sites\/6\/2014\/02\/Spain_Wedding_07.png&#187; background_color=&#187;#ffffff&#187; alignment=&#187;center&#187; background_layout=&#187;dark&#187; \/][et_pb_slide background_image=&#187;http:\/\/www.bcnweddingplanners.com\/rus\/wp-content\/uploads\/sites\/6\/2014\/02\/Spain_Wedding_08.png&#187; background_color=&#187;#ffffff&#187; alignment=&#187;center&#187; background_layout=&#187;dark&#187; \/][et_pb_slide background_image=&#187;http:\/\/www.bcnweddingplanners.com\/rus\/wp-content\/uploads\/sites\/6\/2014\/02\/Spain_Wedding_09.png&#187; background_color=&#187;#ffffff&#187; alignment=&#187;center&#187; background_layout=&#187;dark&#187; \/][et_pb_slide background_image=&#187;http:\/\/www.bcnweddingplanners.com\/rus\/wp-content\/uploads\/sites\/6\/2014\/02\/Spain_Wedding_10.png&#187; background_color=&#187;#ffffff&#187; alignment=&#187;center&#187; background_layout=&#187;dark&#187; \/][et_pb_slide background_image=&#187;http:\/\/www.bcnweddingplanners.com\/rus\/wp-content\/uploads\/sites\/6\/2014\/02\/Spain_Wedding_11.png&#187; background_color=&#187;#ffffff&#187; alignment=&#187;center&#187; background_layout=&#187;dark&#187; \/] [\/et_pb_fullwidth_slider][\/et_pb_section][et_pb_section][et_pb_row][et_pb_column type=&#187;4_4&#8243;][et_pb_text admin_label=&#187;Text&#187; background_layout=&#187;light&#187; text_orientation=&#187;left&#187; use_border_color=&#187;off&#187; border_color=&#187;#ffffff&#187; border_style=&#187;solid&#187;]<\/p>\n<p style=\"text-align: justify;\"><span style=\"font-size: 24pt;\"><strong>\u0421\u0432\u0430\u0434\u044c\u0431\u044b \u0432 \u0411\u0430\u0440\u0441\u0435\u043b\u043e\u043d\u0435<\/strong><\/span><\/p>\n<p style=\"text-align: justify;\"><strong>Bcn Wedding Planners by Marta Priu<\/strong> \u043c\u044b \u0441\u0447\u0430\u0441\u0442\u043b\u0438\u0432\u044b \u0440\u0430\u0431\u043e\u0442\u0430\u0442\u044c \u0441 \u0442\u0435\u043c, \u0447\u0442\u043e \u043d\u0430\u043c \u043d\u0440\u0430\u0432\u0438\u0442\u0441\u044f. \u041c\u044b \u0432\u043a\u043b\u0430\u0434\u044b\u0432\u0430\u0435\u043c \u043c\u043d\u043e\u0433\u043e \u0441\u0438\u043b \u0438 \u043a\u0440\u0435\u0430\u0442\u0438\u0432\u0430 \u0432 \u043a\u0430\u0436\u0434\u0443\u044e \u043d\u0430\u0448\u0443 \u0441\u0432\u0430\u0434\u044c\u0431\u0443, \u0447\u0442\u043e\u0431\u044b \u0441\u0434\u0435\u043b\u0430\u0442\u044c \u0435\u0435 \u0443\u043d\u0438\u043a\u0430\u043b\u044c\u043d\u044b\u043c \u043e\u0442\u0440\u0430\u0436\u0435\u043d\u0438\u0435\u043c \u043a\u0430\u0436\u0434\u043e\u0439 \u043f\u0430\u0440\u044b: \u043e\u0442 \u043c\u0435\u0441\u0442\u0430 \u043f\u0440\u043e\u0432\u0435\u0434\u0435\u043d\u0438\u044f, \u0433\u0440\u0430\u0444\u0438\u0447\u0435\u0441\u043a\u043e\u0433\u043e \u0434\u0438\u0437\u0430\u0439\u043d\u0430, \u0441\u0442\u0438\u043b\u044f \u0438 \u0434\u0435\u043a\u043e\u0440\u0430\u0446\u0438\u0438, \u043d\u0430\u0440\u044f\u0434\u043e\u0432 \u0438 \u0446\u0432\u0435\u0442\u043e\u0432, \u0434\u043e \u0441\u0430\u043c\u044b\u0445 \u043d\u0435\u043c\u044b\u0441\u043b\u0435\u043c\u044b\u0445 \u043c\u0435\u043b\u043e\u0447\u0435\u0439.<\/p>\n<p>\u0421\u0432\u0430\u0434\u044c\u0431\u044b \u0432 \u0411\u0430\u0440\u0441\u0435\u043b\u043e\u043d\u0435 \u043e\u0440\u0433\u0430\u043d\u0438\u0437\u043e\u0432\u044b\u0432\u0430\u044e\u0442\u0441\u044f \u0438\u0437 \u043d\u0430\u0448\u0435\u0433\u043e \u043e\u0444\u0438\u0441\u0430 \u0432 \u0418\u0441\u043f\u0430\u043d\u0438\u0438 \u0438 \u0434\u043b\u044f \u0418\u0441\u043f\u0430\u043d\u0438\u0438, \u0442\u0430\u043a \u043a\u0430\u043a \u043c\u044b \u0441\u0447\u0438\u0442\u0430\u0435\u043c \u044d\u0442\u0443 \u0441\u0442\u0440\u0430\u043d\u0443 \u0438\u0434\u0435\u0430\u043b\u044c\u043d\u044b\u043c \u043c\u0435\u0441\u0442\u043e\u043c \u0434\u043b\u044f \u0441\u0432\u0430\u0434\u044c\u0431\u044b. \u041d\u043e \u0442\u0430\u043a \u043a\u0430\u043a \u0432 \u043d\u0435\u0439 \u043c\u043d\u043e\u0433\u043e \u043f\u043e\u0442\u0440\u044f\u0441\u0430\u044e\u0449\u0438\u0445 \u0443\u0433\u043e\u043b\u043a\u043e\u0432 &#8212; \u0432 \u043d\u0430\u0448\u0443 \u043a\u043e\u043c\u0430\u043d\u0434\u0443 \u0432\u0445\u043e\u0434\u044f\u0442 \u043f\u0440\u043e\u0444\u0435\u0441\u0441\u0438\u043e\u043d\u0430\u043b\u044b, \u043a\u043e\u0442\u043e\u0440\u044b\u0435 \u0441\u043f\u0435\u0446\u0438\u0430\u043b\u0438\u0437\u0438\u0440\u0443\u044e\u0442\u0441\u044f \u043d\u0430 \u0411\u0430\u0440\u0441\u0435\u043b\u043e\u043d\u0435, \u041a\u043e\u0441\u0442\u0430 \u0411\u0440\u0430\u0432\u0435 \u0438 \u0411\u0430\u043b\u0435\u0430\u0440\u0441\u043a\u0438\u0445 \u043e\u0441\u0442\u0440\u043e\u0432\u0430\u0445, \u043d\u043e \u043a\u043e\u0442\u043e\u0440\u044b\u0435 \u043e\u0442\u0432\u0435\u0447\u0430\u044e\u0442 \u0441\u0442\u0430\u043d\u0434\u0430\u0440\u0442\u0430\u043c \u043a\u043e\u043c\u043f\u0430\u043d\u0438\u0438\u00a0<strong>Bcn Wedding Planners by Marta Priu<\/strong> \u0438 \u0435\u0435 \u0444\u0438\u043b\u043e\u0441\u043e\u0444\u0438\u0438.<\/p>\n<p>\u041a\u043e\u043c\u0430\u043d\u0434\u0430 \u043a\u043e\u043c\u043f\u0430\u043d\u0438\u0438\u00a0<strong>Bcn Wedding Planners by Marta Priu<\/strong> \u0440\u0430\u0431\u043e\u0442\u0430\u0435\u0442 \u043a\u0430\u043a \u0441 \u043e\u0440\u0433\u0430\u043d\u0438\u0437\u0430\u0446\u0438\u0435\u0439, \u0442\u0430\u043a \u0438 \u0441 \u0434\u0438\u0437\u0430\u0439\u043d\u043e\u043c \u0438 \u0434\u0435\u043a\u043e\u0440\u0438\u0440\u043e\u0432\u0430\u043d\u0438\u0435\u043c \u0441\u0432\u0430\u0434\u0435\u0431 \u0438 \u043a\u043e\u0440\u043f\u043e\u0440\u0430\u0442\u0438\u0432\u043d\u044b\u0445 \u043c\u0435\u0440\u043e\u043f\u0440\u0438\u044f\u0442\u0438\u0439 \u043d\u0430 \u043f\u0440\u043e\u0442\u044f\u0436\u0435\u043d\u0438\u0438 \u043c\u043d\u043e\u0436\u0435\u0441\u0442\u0432\u0430 \u043b\u0435\u0442.<br \/>\n\u0411\u043b\u0430\u0433\u043e\u0434\u0430\u0440\u044f \u043f\u043e\u043c\u043e\u0449\u0438 \u0438 \u0441\u043e\u0442\u0440\u0443\u0434\u043d\u0438\u0447\u0435\u0441\u0442\u0432\u0443 \u043b\u0443\u0447\u0448\u0438\u0445 \u043e\u0442\u043e\u0431\u0440\u0430\u043d\u043d\u044b\u0445\u00a0 \u043f\u0440\u043e\u0444\u0435\u0441\u0441\u0438\u043e\u043d\u0430\u043b\u043e\u0432 \u0441\u0432\u0430\u0434\u0435\u0431\u043d\u043e\u0433\u043e \u0441\u0435\u043a\u0442\u043e\u0440\u0430, \u043c\u044b \u043f\u0440\u0435\u0432\u0440\u0430\u0449\u0430\u0435\u043c \u043a\u0430\u0436\u0434\u0443\u044e \u0441\u0432\u0430\u0434\u044c\u0431\u0443 \u0432 \u043c\u0435\u0447\u0442\u0443, \u0441\u0442\u0430\u0432\u0448\u0443\u044e \u0440\u0435\u0430\u043b\u044c\u043d\u043e\u0441\u0442\u044c\u044e, \u0434\u043b\u044f \u043f\u0430\u0440, \u043a\u043e\u0442\u043e\u0440\u044b\u0435 \u0434\u043e\u0432\u0435\u0440\u0438\u043b\u0438\u0441\u044c \u043d\u0430\u043c.<\/p>\n<p>\u0412\u0441\u0435 \u0447\u043b\u0435\u043d\u044b \u043a\u043e\u043c\u0430\u043d\u0434\u044b \u0440\u0430\u0431\u043e\u0442\u0430\u044e\u0442 \u043f\u043e\u0434 \u0440\u0443\u043a\u043e\u0432\u043e\u0434\u0441\u0442\u0432\u043e\u043c \u043e\u0434\u043d\u043e\u0433\u043e \u0447\u0435\u043b\u043e\u0432\u0435\u043a\u0430, \u0434\u0438\u0440\u0435\u043a\u0442\u043e\u0440\u0430. \u0412\u0441\u0435 \u0432\u043c\u0435\u0441\u0442\u0435 \u043c\u044b \u0434\u043e\u0431\u0438\u0432\u0430\u0435\u043c\u0441\u044f \u0442\u043e\u0433\u043e, \u0447\u0442\u043e \u0441\u0432\u0430\u0434\u044c\u0431\u044b, \u043e\u0440\u0433\u0430\u043d\u0438\u0437\u043e\u0432\u0430\u043d\u043d\u044b\u0435 \u043d\u0430\u043c\u0438, \u043f\u0440\u043e\u0445\u043e\u0434\u044f\u0442 \u0438\u0434\u0435\u0430\u043b\u044c\u043d\u043e.<\/p>\n<p>[\/et_pb_text][\/et_pb_column][\/et_pb_row][et_pb_row][et_pb_column type=&#187;1_3&#8243;][et_pb_blurb admin_label=&#187;Blurb&#187; title=&#187;\u0421\u0432\u0430\u0434\u044c\u0431\u044b \u0432 \u041a\u043e\u0441\u0442\u0430-\u0411\u0440\u0430\u0432\u0430&#187; url=&#187;http:\/\/www.bcnweddingplanners.com\/rus\/costa-brava\/&#187; url_new_window=&#187;off&#187; use_icon=&#187;off&#187; font_icon=&#187;\ue081&#187; icon_color=&#187;#e30f8e&#187; use_circle=&#187;off&#187; circle_color=&#187;#e30f8e&#187; use_circle_border=&#187;off&#187; circle_border_color=&#187;#e30f8e&#187; icon_placement=&#187;top&#187; animation=&#187;top&#187; background_layout=&#187;light&#187; text_orientation=&#187;center&#187; image=&#187;http:\/\/www.bcnweddingplanners.com\/rus\/wp-content\/uploads\/sites\/6\/2014\/02\/costa_brava1.png&#187;]<\/p>\n<p><a href=\"mailto:costabrava@bcnweddingplanners.com\"><strong>costabrava@bcnweddingplanners.com<\/strong><\/a><\/p>\n<p>[\/et_pb_blurb][\/et_pb_column][et_pb_column type=&#187;1_3&#8243;][et_pb_blurb admin_label=&#187;Blurb&#187; title=&#187;\u0421\u0432\u0430\u0434\u044c\u0431\u044b \u0432 \u0411\u0430\u0440\u0441\u0435\u043b\u043e\u043d\u0435&#187; url=&#187;http:\/\/www.bcnweddingplanners.com\/rus\/barcelona\/&#187; url_new_window=&#187;off&#187; use_icon=&#187;off&#187; font_icon=&#187;\ue081&#187; icon_color=&#187;#e30f8e&#187; use_circle=&#187;off&#187; circle_color=&#187;#e30f8e&#187; use_circle_border=&#187;off&#187; circle_border_color=&#187;#e30f8e&#187; icon_placement=&#187;top&#187; animation=&#187;top&#187; background_layout=&#187;light&#187; text_orientation=&#187;center&#187; image=&#187;http:\/\/www.bcnweddingplanners.com\/rus\/wp-content\/uploads\/sites\/6\/2014\/02\/barcelona1.png&#187;]<\/p>\n<p><a href=\"mailto:barcelona@bcnweddingplanners.com\"><strong>barcelona@bcnweddingplanners.com<\/strong><\/a><\/p>\n<p>[\/et_pb_blurb][\/et_pb_column][et_pb_column type=&#187;1_3&#8243;][et_pb_blurb admin_label=&#187;Blurb&#187; title=&#187;\u0421\u0432\u0430\u0434\u044c\u0431\u044b \u043d\u0430 \u0411\u0430\u043b\u0435\u0430\u0440\u0441\u043a\u0438\u0445 \u043e\u0441\u0442\u0440\u043e\u0432\u0430\u0445&#187; url=&#187;http:\/\/www.bcnweddingplanners.com\/rus\/baleares\/&#187; url_new_window=&#187;off&#187; use_icon=&#187;off&#187; font_icon=&#187;\ue081&#187; icon_color=&#187;#e30f8e&#187; use_circle=&#187;off&#187; circle_color=&#187;#e30f8e&#187; use_circle_border=&#187;off&#187; circle_border_color=&#187;#e30f8e&#187; icon_placement=&#187;top&#187; animation=&#187;top&#187; background_layout=&#187;light&#187; text_orientation=&#187;center&#187; image=&#187;http:\/\/www.bcnweddingplanners.com\/rus\/wp-content\/uploads\/sites\/6\/2014\/02\/ibida_circulo.png&#187;]<\/p>\n<p><a href=\"mailto:baleares@bcnweddingplanners.com\"><strong>baleares@bcnweddingplanners.com<\/strong><\/a><\/p>\n<p>[\/et_pb_blurb][\/et_pb_column][\/et_pb_row][\/et_pb_section]<\/p>\n","protected":false},"excerpt":{"rendered":"<p><div class=\"et_pb_section et_pb_section_0 et_section_regular\" >\n\t\t\t\t\n\t\t\t\t\n\t\t\t\t\n\t\t\t\t\n\t\t\t\t\n\t\t\t\t\n\t\t\t\t\n\t\t\t\t\n\t\t\t\t\n\t\t\t<\/div><div class=\"et_pb_row et_pb_row_0 et_pb_row_empty\">\n\t\t\t\t\n\t\t\t\t\n\t\t\t\t\n\t\t\t\t\n\t\t\t\t\n\t\t\t<\/div> \u0421\u0432\u0430\u0434\u044c\u0431\u044b \u0432 \u0411\u0430\u0440\u0441\u0435\u043b\u043e\u043d\u0435 Bcn Wedding Planners by Marta Priu \u043c\u044b \u0441\u0447\u0430\u0441\u0442\u043b\u0438\u0432\u044b \u0440\u0430\u0431\u043e\u0442\u0430\u0442\u044c \u0441 \u0442\u0435\u043c, \u0447\u0442\u043e \u043d\u0430\u043c \u043d\u0440\u0430\u0432\u0438\u0442\u0441\u044f. \u041c\u044b \u0432\u043a\u043b\u0430\u0434\u044b\u0432\u0430\u0435\u043c \u043c\u043d\u043e\u0433\u043e \u0441\u0438\u043b \u0438 \u043a\u0440\u0435\u0430\u0442\u0438\u0432\u0430 \u0432 \u043a\u0430\u0436\u0434\u0443\u044e \u043d\u0430\u0448\u0443 \u0441\u0432\u0430\u0434\u044c\u0431\u0443, \u0447\u0442\u043e\u0431\u044b \u0441\u0434\u0435\u043b\u0430\u0442\u044c \u0435\u0435 \u0443\u043d\u0438\u043a\u0430\u043b\u044c\u043d\u044b\u043c \u043e\u0442\u0440\u0430\u0436\u0435\u043d\u0438\u0435\u043c \u043a\u0430\u0436\u0434\u043e\u0439 \u043f\u0430\u0440\u044b: \u043e\u0442 \u043c\u0435\u0441\u0442\u0430 \u043f\u0440\u043e\u0432\u0435\u0434\u0435\u043d\u0438\u044f, \u0433\u0440\u0430\u0444\u0438\u0447\u0435\u0441\u043a\u043e\u0433\u043e \u0434\u0438\u0437\u0430\u0439\u043d\u0430, \u0441\u0442\u0438\u043b\u044f \u0438 \u0434\u0435\u043a\u043e\u0440\u0430\u0446\u0438\u0438, \u043d\u0430\u0440\u044f\u0434\u043e\u0432 \u0438 \u0446\u0432\u0435\u0442\u043e\u0432, \u0434\u043e \u0441\u0430\u043c\u044b\u0445 \u043d\u0435\u043c\u044b\u0441\u043b\u0435\u043c\u044b\u0445 \u043c\u0435\u043b\u043e\u0447\u0435\u0439. \u0421\u0432\u0430\u0434\u044c\u0431\u044b \u0432 \u0411\u0430\u0440\u0441\u0435\u043b\u043e\u043d\u0435 \u043e\u0440\u0433\u0430\u043d\u0438\u0437\u043e\u0432\u044b\u0432\u0430\u044e\u0442\u0441\u044f \u0438\u0437 [&hellip;]<\/p>\n","protected":false},"author":1,"featured_media":0,"parent":0,"menu_order":0,"comment_status":"open","ping_status":"open","template":"","meta":{"_et_pb_use_builder":"on","_et_pb_old_content":"<p style=\"text-align: justify;\">En <strong>Spain Wedding Planners<\/strong> tenemos el privilegio de trabajar en un mundo que nos apasiona. Ponemos grandes dosis de <strong>creatividad y dedicaci\u00f3n<\/strong> para que cada boda que organizamos sea \u00fanica y refleje la esencia de cada pareja: desde el lugar de la <strong>celebraci\u00f3n<\/strong>, el <strong>dise\u00f1o gr\u00e1fico<\/strong>, el <strong>estilo<\/strong> y la <strong>decoraci\u00f3n<\/strong>, el <strong>vestuario<\/strong>, los <strong>espect\u00e1culos y m\u00fasica<\/strong>, hasta las <strong>flores<\/strong> y todos los dem\u00e1s elementos que rodean el enlace.<\/p><p>Las <strong>Spain Weddings<\/strong> se organizan desde y para Espa\u00f1a, un pa\u00eds muy vers\u00e1til e interesante para casarse. En <strong>Spain Wedding Planners<\/strong> somos conscientes de ello y por eso nuestro equipo de Wedding Planners & Designers trabaja <strong>Bodas en Barcelona, Bodas en Madrid y Bodas en las Baleares<\/strong>, siempre bajo la filosof\u00eda y est\u00e1ndares de calidad del grupo Spain Wedding Planners by Marta Priu.<\/p><p>En las <strong>Spain Weddings<\/strong>, nos aseguramos de trabajar con los mejores proveedores de cada zona en la que se va a celebrar la boda para conseguir excelentes resultados siempre dentro de los l\u00edmites del presupuesto fijado por los novios.<\/p><p>En cada boda el equipo especializado de Spain Wedding Planners estar\u00e1 pendiente de todo lo que concierne a ella, de manera que los novios se ocupen de disfrutar y relajarse en ese d\u00eda tan especial, ya que tendr\u00e1n la tranquilidad de que <strong>todo saldr\u00e1 a la perfecci\u00f3n<\/strong>.<\/p>","_et_gb_content_width":""},"_links":{"self":[{"href":"https:\/\/www.bcnweddingplanners.com\/rus\/wp-json\/wp\/v2\/pages\/45"}],"collection":[{"href":"https:\/\/www.bcnweddingplanners.com\/rus\/wp-json\/wp\/v2\/pages"}],"about":[{"href":"https:\/\/www.bcnweddingplanners.com\/rus\/wp-json\/wp\/v2\/types\/page"}],"author":[{"embeddable":true,"href":"https:\/\/www.bcnweddingplanners.com\/rus\/wp-json\/wp\/v2\/users\/1"}],"replies":[{"embeddable":true,"href":"https:\/\/www.bcnweddingplanners.com\/rus\/wp-json\/wp\/v2\/comments?post=45"}],"version-history":[{"count":39,"href":"https:\/\/www.bcnweddingplanners.com\/rus\/wp-json\/wp\/v2\/pages\/45\/revisions"}],"predecessor-version":[{"id":3999,"href":"https:\/\/www.bcnweddingplanners.com\/rus\/wp-json\/wp\/v2\/pages\/45\/revisions\/3999"}],"wp:attachment":[{"href":"https:\/\/www.bcnweddingplanners.com\/rus\/wp-json\/wp\/v2\/media?parent=45"}],"curies":[{"name":"wp","href":"https:\/\/api.w.org\/{rel}","templated":true}]}}