{"id":92,"date":"2014-02-20T14:41:44","date_gmt":"2014-02-20T14:41:44","guid":{"rendered":"http:\/\/www.bcnweddingplanners.com\/ita\/?page_id=92"},"modified":"2014-12-06T13:45:27","modified_gmt":"2014-12-06T13:45:27","slug":"corsi-in-presenza","status":"publish","type":"page","link":"https:\/\/www.bcnweddingplanners.com\/ita\/corsi-in-presenza\/","title":{"rendered":"Corsi in presenza"},"content":{"rendered":"<p>[et_pb_section fullwidth=&#8221;on&#8221; specialty=&#8221;off&#8221;][et_pb_fullwidth_slider admin_label=&#8221;Fullwidth Slider&#8221; show_arrows=&#8221;on&#8221; show_pagination=&#8221;on&#8221; auto=&#8221;on&#8221; parallax=&#8221;off&#8221; parallax_method=&#8221;off&#8221; auto_speed=&#8221;3000&#8243;][et_pb_slide background_image=&#8221;http:\/\/www.bcnweddingplanners.com\/ita\/wp-content\/uploads\/sites\/8\/2014\/02\/cursos_wedding_planners_01.png&#8221; background_color=&#8221;#ffffff&#8221; alignment=&#8221;center&#8221; background_layout=&#8221;dark&#8221; \/][et_pb_slide background_image=&#8221;http:\/\/www.bcnweddingplanners.com\/ita\/wp-content\/uploads\/sites\/8\/2014\/02\/cursos_wedding_planners_02.png&#8221; background_color=&#8221;#ffffff&#8221; alignment=&#8221;center&#8221; background_layout=&#8221;dark&#8221; \/][\/et_pb_fullwidth_slider][\/et_pb_section][et_pb_section][et_pb_row][et_pb_column type=&#8221;4_4&#8243;][et_pb_text admin_label=&#8221;Text&#8221; background_layout=&#8221;light&#8221; text_orientation=&#8221;left&#8221;]<\/p>\n<p style=\"text-align: justify;\"><span style=\"font-size: 18pt;\"><strong>Corsi in presenza<\/strong><\/span><\/p>\n<p style=\"text-align: justify;\">Un altro canale di trasmissione della nostra esperienza \u00e8 quello dei corsi di <strong>wedding planner<\/strong> tenuti da <strong>Marta Priu<\/strong>, durante i quali gli\/le alunni\/e acquisiscono le conoscenze necessarie per capire la figura del <strong>wedding planner e designer professionista<\/strong>.<\/p>\n<p style=\"text-align: justify;\">Durante le lezioni si presenta in maniera contestualizzata agli alunni il settore sposi a livello nazionale e internazionale, facendo loro conoscere le ultime tendenze e i guru di questa professione anche al di fuori delle nostre frontiere. Infine, si illustra in modo dettagliato come progettare, organizzare e creare un matrimonio.<\/p>\n<p style=\"text-align: justify;\"><span style=\"text-decoration: underline;\">Alcune delle domande a cui si d\u00e0 risposta durante i corsi di <strong>wedding planner<\/strong> sono:<\/span><\/p>\n<p style=\"text-align: justify;\">Come preparare un preventivo? Come progettare un matrimonio? Quali passi seguire durante l&#8217;organizzazione di un matrimonio? Come focalizzare ciascuna fase durante l&#8217;organizzazione? Che rapporto stabilire con i fornitori? Di cosa si deve tener conto? Come organizzarsi? Che fare se &#8230;?<\/p>\n<p style=\"text-align: justify;\">Attraverso esempi e casi pratici reali, partendo da un matrimonio pi\u00f9 semplice fino a una cerimonia molto pi\u00f9 complessa, si conosceranno le difficolt\u00e0 che una <strong>wedding planner<\/strong> \u00e8 chiamata ad affrontare nonch\u00e9 i problemi che possono sorgere durante la progettazione e l&#8217;organizzazione di un matrimonio.<\/p>\n<p style=\"text-align: justify;\">Nei nostri corsi si acquisisce il frutto dell&#8217;esperienza e del lavoro di bcn wedding planners svolto nel corso di molti anni.<\/p>\n<p style=\"text-align: justify;\">Contattateci per ricevere ulteriori informazioni su programma, calendario e prezzi dei corsi di <strong>wedding planner<\/strong>:<\/p>\n<p style=\"text-align: justify;\"><strong><a href=\"mailto:cursos@bcnweddingplanners.com\">cursos@bcnweddingplanners.com<\/a><\/strong><\/p>\n<p>[\/et_pb_text][\/et_pb_column][\/et_pb_row][\/et_pb_section]<\/p>\n","protected":false},"excerpt":{"rendered":"<p><div class=\"et_pb_section et_pb_section_0 et_section_regular\" >\n\t\t\t\t\n\t\t\t\t\n\t\t\t\t\n\t\t\t\t\n\t\t\t\t\n\t\t\t\t\n\t\t\t\t\n\t\t\t\t\n\t\t\t\t\n\t\t\t<\/div><div class=\"et_pb_row et_pb_row_0 et_pb_row_empty\">\n\t\t\t\t\n\t\t\t\t\n\t\t\t\t\n\t\t\t\t\n\t\t\t\t\n\t\t\t<\/div> Corsi in presenza Un altro canale di trasmissione della nostra esperienza \u00e8 quello dei corsi di wedding planner tenuti da Marta Priu, durante i quali gli\/le alunni\/e acquisiscono le conoscenze necessarie per capire la figura del wedding planner e designer professionista. Durante le lezioni si presenta in maniera contestualizzata agli alunni il settore sposi [&hellip;]<\/p>\n","protected":false},"author":1,"featured_media":0,"parent":0,"menu_order":2,"comment_status":"open","ping_status":"open","template":"","meta":{"_et_pb_use_builder":"on","_et_pb_old_content":"<p style=\"text-align: justify;\">Nuestra experiencia tambi\u00e9n es transmitida a trav\u00e9s de<strong> los cursos de Wedding Planner impartidos por Marta Priu<\/strong>, nuestra Wedding Expert, donde los participantes adquieren los conocimientos necesarios para entender la figura del Wedding Planner & Designer profesional.<\/p><p>En tres d\u00edas de formaci\u00f3n, se contextualiza al participante en el sector nupcial espa\u00f1ol e internacional, en las nuevas tendencias y en los gur\u00fas de esta profesi\u00f3n fuera de nuestras fronteras. Adem\u00e1s, se explica al detalle c\u00f3mo organizar y producir una boda.<\/p><p>Algunas de las preguntas que resolveremos en los cursos de Wedding Planner son:<\/p><p style=\"text-align: justify;\">\u00bfC\u00f3mo captar a los clientes? \u00bfC\u00f3mo desarrollar un presupuesto? \u00bfC\u00f3mo dise\u00f1ar la boda? \u00bfQu\u00e9 pasos se deben seguir a la hora de organizar una boda? \u00bfC\u00f3mo enfocar cada fase en la organizaci\u00f3n? \u00bfQu\u00e9 relaci\u00f3n establecer con los proveedores? \u00bfQu\u00e9 se debe tener en cuenta? \u00bfC\u00f3mo organizarse? \u00bfQu\u00e9 hacer si...?<\/p><p style=\"text-align: justify;\"><strong>A trav\u00e9s de ejemplos y casos pr\u00e1cticos reales<\/strong>, desde una boda muy sencilla a una boda mucho m\u00e1s compleja se ver\u00e1n las dificultades a las que nos hemos enfrentado y las dificultades que conlleva dise\u00f1ar y organizar una boda.<\/p><p style=\"text-align: justify;\">En nuestros cursos aprender\u00e1s, en un fin de semana intensivo, lo que en <strong>Spain Wedding Planners<\/strong> hemos aprendido a lo largo de muchos a\u00f1os de trabajo y experiencia.<\/p><p style=\"text-align: justify;\">Contacta con nosotros para obtener mayor detalle sobre el temario, programaci\u00f3n y precios de los <strong>cursos de Wedding Planner.<\/strong><\/p><p style=\"text-align: justify;\">\u00a0<\/p>","_et_gb_content_width":""},"_links":{"self":[{"href":"https:\/\/www.bcnweddingplanners.com\/ita\/wp-json\/wp\/v2\/pages\/92"}],"collection":[{"href":"https:\/\/www.bcnweddingplanners.com\/ita\/wp-json\/wp\/v2\/pages"}],"about":[{"href":"https:\/\/www.bcnweddingplanners.com\/ita\/wp-json\/wp\/v2\/types\/page"}],"author":[{"embeddable":true,"href":"https:\/\/www.bcnweddingplanners.com\/ita\/wp-json\/wp\/v2\/users\/1"}],"replies":[{"embeddable":true,"href":"https:\/\/www.bcnweddingplanners.com\/ita\/wp-json\/wp\/v2\/comments?post=92"}],"version-history":[{"count":23,"href":"https:\/\/www.bcnweddingplanners.com\/ita\/wp-json\/wp\/v2\/pages\/92\/revisions"}],"predecessor-version":[{"id":3776,"href":"https:\/\/www.bcnweddingplanners.com\/ita\/wp-json\/wp\/v2\/pages\/92\/revisions\/3776"}],"wp:attachment":[{"href":"https:\/\/www.bcnweddingplanners.com\/ita\/wp-json\/wp\/v2\/media?parent=92"}],"curies":[{"name":"wp","href":"https:\/\/api.w.org\/{rel}","templated":true}]}}