{"id":92,"date":"2014-02-20T14:41:44","date_gmt":"2014-02-20T14:41:44","guid":{"rendered":"http:\/\/www.bcnweddingplanners.com\/eng\/?page_id=92"},"modified":"2014-12-03T17:14:46","modified_gmt":"2014-12-03T17:14:46","slug":"face-to-face-courses","status":"publish","type":"page","link":"https:\/\/www.bcnweddingplanners.com\/eng\/face-to-face-courses\/","title":{"rendered":"Face-to-face courses"},"content":{"rendered":"<p>[et_pb_section fullwidth=&#8221;on&#8221; specialty=&#8221;off&#8221;][et_pb_fullwidth_slider admin_label=&#8221;Fullwidth Slider&#8221; show_arrows=&#8221;on&#8221; show_pagination=&#8221;on&#8221; auto=&#8221;on&#8221; parallax=&#8221;off&#8221; parallax_method=&#8221;off&#8221; auto_speed=&#8221;3000&#8243;][et_pb_slide background_image=&#8221;http:\/\/www.bcnweddingplanners.com\/eng\/wp-content\/uploads\/sites\/7\/2014\/02\/cursos_wedding_planners_01.png&#8221; background_color=&#8221;#ffffff&#8221; alignment=&#8221;center&#8221; background_layout=&#8221;dark&#8221; \/][et_pb_slide background_image=&#8221;http:\/\/www.bcnweddingplanners.com\/eng\/wp-content\/uploads\/sites\/7\/2014\/02\/cursos_wedding_planners_02.png&#8221; background_color=&#8221;#ffffff&#8221; alignment=&#8221;center&#8221; background_layout=&#8221;dark&#8221; \/][\/et_pb_fullwidth_slider][\/et_pb_section][et_pb_section][et_pb_row][et_pb_column type=&#8221;4_4&#8243;][et_pb_text admin_label=&#8221;Text&#8221; background_layout=&#8221;light&#8221; text_orientation=&#8221;left&#8221;]<\/p>\n<p style=\"text-align: justify;\"><span style=\"font-size: 18pt;\"><strong>Face-to-face courses<\/strong><\/span><\/p>\n<p style=\"text-align: justify;\">Our experience is also communicated through <strong>Wedding Planner<\/strong> courses <strong>given by Marta Priu<\/strong>, where students are given the information and knowledge they need to understand what is involved in being a professional <strong>Wedding Planner and Designer<\/strong>.<\/p>\n<p style=\"text-align: justify;\">The classes provide a context and introduce students to the wedding sector at a national and international level, studying new trends and the gurus of the profession beyond our borders. Detailed explanations are also given on how to design, organize and produce a wedding.<\/p>\n<p style=\"text-align: justify;\"><span style=\"text-decoration: underline;\">Some of the questions that the <strong>Wedding Planner courses<\/strong> answer include:<\/span><\/p>\n<p style=\"text-align: justify;\">How do you put together a budget? How do you design a wedding? What steps need to be taken when it comes to organizing a wedding? What focus is given to each phase during the organizational period? What kind of relationship should be established with suppliers? What do I need to bear in mind? How do I organize myself? What do I do if&#8230;.?<\/p>\n<p style=\"text-align: justify;\">Through examples and real life case studies, from the simplest to the most complex of weddings, students learn about the challenges that face <strong>wedding planners<\/strong> and the complications that arise when designing and organizing a wedding.<\/p>\n<p style=\"text-align: justify;\">Our courses teach the know-how that <strong>Bcn Wedding Planners<\/strong> has accumulated over many years of work and experience.<\/p>\n<p style=\"text-align: justify;\">Contact us for more details on the syllabus, schedule and prices of our <strong>Wedding Planner courses<\/strong>:<\/p>\n<p style=\"text-align: justify;\"><strong><a href=\"mailto:cursos@bcnweddingplanners.com\">cursos@bcnweddingplanners.com<\/a><\/strong><\/p>\n<p style=\"text-align: justify;\">\n<p>[\/et_pb_text][\/et_pb_column][\/et_pb_row][\/et_pb_section]<\/p>\n","protected":false},"excerpt":{"rendered":"<p><div class=\"et_pb_section et_pb_section_0 et_section_regular\" >\n\t\t\t\t\n\t\t\t\t\n\t\t\t\t\n\t\t\t\t\n\t\t\t\t\n\t\t\t\t\n\t\t\t\t\n\t\t\t\t\n\t\t\t\t\n\t\t\t<\/div><div class=\"et_pb_row et_pb_row_0 et_pb_row_empty\">\n\t\t\t\t\n\t\t\t\t\n\t\t\t\t\n\t\t\t\t\n\t\t\t\t\n\t\t\t<\/div> Face-to-face courses Our experience is also communicated through Wedding Planner courses given by Marta Priu, where students are given the information and knowledge they need to understand what is involved in being a professional Wedding Planner and Designer. The classes provide a context and introduce students to the wedding sector at a national and [&hellip;]<\/p>\n","protected":false},"author":1,"featured_media":0,"parent":0,"menu_order":2,"comment_status":"open","ping_status":"open","template":"","meta":{"_et_pb_use_builder":"on","_et_pb_old_content":"<p style=\"text-align: justify;\">Nuestra experiencia tambi\u00e9n es transmitida a trav\u00e9s de<strong> los cursos de Wedding Planner impartidos por Marta Priu<\/strong>, nuestra Wedding Expert, donde los participantes adquieren los conocimientos necesarios para entender la figura del Wedding Planner & Designer profesional.<\/p><p>En tres d\u00edas de formaci\u00f3n, se contextualiza al participante en el sector nupcial espa\u00f1ol e internacional, en las nuevas tendencias y en los gur\u00fas de esta profesi\u00f3n fuera de nuestras fronteras. Adem\u00e1s, se explica al detalle c\u00f3mo organizar y producir una boda.<\/p><p>Algunas de las preguntas que resolveremos en los cursos de Wedding Planner son:<\/p><p style=\"text-align: justify;\">\u00bfC\u00f3mo captar a los clientes? \u00bfC\u00f3mo desarrollar un presupuesto? \u00bfC\u00f3mo dise\u00f1ar la boda? \u00bfQu\u00e9 pasos se deben seguir a la hora de organizar una boda? \u00bfC\u00f3mo enfocar cada fase en la organizaci\u00f3n? \u00bfQu\u00e9 relaci\u00f3n establecer con los proveedores? \u00bfQu\u00e9 se debe tener en cuenta? \u00bfC\u00f3mo organizarse? \u00bfQu\u00e9 hacer si...?<\/p><p style=\"text-align: justify;\"><strong>A trav\u00e9s de ejemplos y casos pr\u00e1cticos reales<\/strong>, desde una boda muy sencilla a una boda mucho m\u00e1s compleja se ver\u00e1n las dificultades a las que nos hemos enfrentado y las dificultades que conlleva dise\u00f1ar y organizar una boda.<\/p><p style=\"text-align: justify;\">En nuestros cursos aprender\u00e1s, en un fin de semana intensivo, lo que en <strong>Spain Wedding Planners<\/strong> hemos aprendido a lo largo de muchos a\u00f1os de trabajo y experiencia.<\/p><p style=\"text-align: justify;\">Contacta con nosotros para obtener mayor detalle sobre el temario, programaci\u00f3n y precios de los <strong>cursos de Wedding Planner.<\/strong><\/p><p style=\"text-align: justify;\">\u00a0<\/p>","_et_gb_content_width":""},"_links":{"self":[{"href":"https:\/\/www.bcnweddingplanners.com\/eng\/wp-json\/wp\/v2\/pages\/92"}],"collection":[{"href":"https:\/\/www.bcnweddingplanners.com\/eng\/wp-json\/wp\/v2\/pages"}],"about":[{"href":"https:\/\/www.bcnweddingplanners.com\/eng\/wp-json\/wp\/v2\/types\/page"}],"author":[{"embeddable":true,"href":"https:\/\/www.bcnweddingplanners.com\/eng\/wp-json\/wp\/v2\/users\/1"}],"replies":[{"embeddable":true,"href":"https:\/\/www.bcnweddingplanners.com\/eng\/wp-json\/wp\/v2\/comments?post=92"}],"version-history":[{"count":23,"href":"https:\/\/www.bcnweddingplanners.com\/eng\/wp-json\/wp\/v2\/pages\/92\/revisions"}],"predecessor-version":[{"id":3816,"href":"https:\/\/www.bcnweddingplanners.com\/eng\/wp-json\/wp\/v2\/pages\/92\/revisions\/3816"}],"wp:attachment":[{"href":"https:\/\/www.bcnweddingplanners.com\/eng\/wp-json\/wp\/v2\/media?parent=92"}],"curies":[{"name":"wp","href":"https:\/\/api.w.org\/{rel}","templated":true}]}}