{"id":98,"date":"2014-10-21T14:43:43","date_gmt":"2014-10-21T14:43:43","guid":{"rendered":"http:\/\/www.bcnweddingplanners.com\/cat\/?page_id=98"},"modified":"2018-09-21T19:17:03","modified_gmt":"2018-09-21T17:17:03","slug":"barcelona","status":"publish","type":"page","link":"https:\/\/www.bcnweddingplanners.com\/cat\/barcelona\/","title":{"rendered":"Barcelona"},"content":{"rendered":"<p>[et_pb_section fb_built=&#8221;1&#8243; fullwidth=&#8221;on&#8221; _builder_version=&#8221;3.0.47&#8243;][et_pb_fullwidth_slider admin_label=&#8221;Fullwidth Slider&#8221; _builder_version=&#8221;3.0.99&#8243; box_shadow_style=&#8221;preset6&#8243; box_shadow_blur=&#8221;10px&#8221; box_shadow_color=&#8221;rgba(0,0,0,0.1)&#8221; custom_padding=&#8221;|||&#8221; custom_padding_tablet=&#8221;|||&#8221; custom_padding_phone=&#8221;|||&#8221; show_inner_shadow=&#8221;on&#8221;][et_pb_slide _builder_version=&#8221;3.0.47&#8243; background_color=&#8221;#ffffff&#8221; background_image=&#8221;http:\/\/www.bcnweddingplanners.com\/cat\/wp-content\/uploads\/sites\/5\/2014\/02\/Barcelona_wedding_2.png&#8221;][\/et_pb_slide][\/et_pb_fullwidth_slider][\/et_pb_section][et_pb_section fb_built=&#8221;1&#8243; _builder_version=&#8221;3.0.47&#8243;][et_pb_row _builder_version=&#8221;3.8&#8243; background_size=&#8221;initial&#8221; background_position=&#8221;top_left&#8221; background_repeat=&#8221;repeat&#8221;][et_pb_column type=&#8221;4_4&#8243; _builder_version=&#8221;3.0.47&#8243; parallax=&#8221;off&#8221; parallax_method=&#8221;on&#8221;][et_pb_text admin_label=&#8221;Text&#8221; _builder_version=&#8221;3.0.74&#8243; background_size=&#8221;initial&#8221; background_position=&#8221;top_left&#8221; background_repeat=&#8221;repeat&#8221;]<\/p>\n<p style=\"text-align: justify;\"><b>DESTINATION WEDDINGS A BARCELONA, CASAMENTS A BARCELONA<\/b><\/p>\n<p style=\"text-align: justify;\"><strong>Barcelona<\/strong> \u00e9s una ciutat cosmopolita situada en una zona privilegiada de la costa Mediterr\u00e0nia, banyada pel seu Mar i rodejada de muntanyes, unes caracter\u00edstiques que la doten d&#8217;un clima suau i molt agradable durant\u00a0 tot l&#8217;any. <strong>Barcelona<\/strong> \u00e9s una ciutat multicultural, avantguardista i plena d&#8217; hist\u00f2ria, caracter\u00edstiques que la fan ser un dels <strong>destins preferits per casar-se a Espanya<\/strong>, independentment del lloc d&#8217;origen, resid\u00e8ncia o nacionalitat dels nuvis.<\/p>\n<p style=\"text-align: justify;\">La ciutat comtal ofereix serveis d&#8217;alta qualitat i variada gastronomia, des d&#8217;una cuina tradicional a una cuina m\u00e9s creativa i de fusi\u00f3, reconeguda a escala mundial gr\u00e0cies a xefs d&#8217;estrella\u00a0 Mixel\u00edn com els germans Roca, Ferran Adri\u00e0, Jordi Cruz, Carme Ruscalleda i Nandu Jubany, entre altres.<\/p>\n<p style=\"text-align: justify;\"><strong>Barcelona<\/strong> \u00e9s avui en dia, nucli de l&#8217;avantguarda del pensament, la ci\u00e8ncia, la t\u00e8cnica i l&#8217;art. Posse\u00efdora d&#8217;una gran her\u00e8ncia cultural, amb elements de l&#8217;\u00e8poca romana, g\u00f2tica i amb una gran influ\u00e8ncia\u00a0 modernista de la m\u00e0 del reconegut Antoni Gaudi, present en m\u00faltiples edificis, masies, castells, bodegues, parcs;\u00a0 tots ells, escenaris ideals per a celebrar-hi una <strong>Barcelona Destination Wedding<\/strong>.<\/p>\n<p style=\"text-align: justify;\"><strong>Bcn Wedding Planners by Marta Priu<\/strong>, empresa pionera en l&#8217;organitzaci\u00f3 de casaments de Luxe a Barcelona i a Espanya, incideix en el creixement de la Ciutat Comtal com a \u201c<strong>Wedding Destination<\/strong>\u201d.<\/p>\n<p style=\"text-align: justify;\">A <strong>Barcelona<\/strong>, ciutat escollida com a\u00a0 \u201c<strong>Wedding Destination<\/strong>\u201d o \u201c<strong>Dest\u00ed de casaments<\/strong>\u201d, s&#8217;hi despla\u00e7a tota la fam\u00edlia i els amics per celebrar l&#8217;enlla\u00e7. All\u00ed hi tenen la possibilitat de gaudir d&#8217;unes mini-vacances a prop\u00f2sit del casament. Tot aix\u00f2 comporta una major complexitat a l&#8217;hora d&#8217;organitzar i coordinar el casament.<\/p>\n<p style=\"text-align: justify;\">\u00c9s aix\u00ed, com sorgeix la necessitat de contractar un <strong>Wedding Planner<\/strong> qui ser\u00e0 l&#8217;encarregat de gestionar i coordinar\u00a0 tots els aspectes del casament.<\/p>\n<p><a href=\"mailto:barcelona@bcnweddingplanners.com\"><strong>barcelona@bcnweddingplanners.com<\/strong><\/a><\/p>\n<p>&nbsp;<\/p>\n<p><iframe loading=\"lazy\" src=\"\/\/www.youtube.com\/embed\/tOOebCr5xJA\" width=\"560\" height=\"315\" frameborder=\"0\" allowfullscreen=\"allowfullscreen\"><\/iframe><\/p>\n<p>[\/et_pb_text][\/et_pb_column][\/et_pb_row][\/et_pb_section]<\/p>\n","protected":false},"excerpt":{"rendered":"<p>DESTINATION WEDDINGS A BARCELONA, CASAMENTS A BARCELONA Barcelona \u00e9s una ciutat cosmopolita situada en una zona privilegiada de la costa Mediterr\u00e0nia, banyada pel seu Mar i rodejada de muntanyes, unes caracter\u00edstiques que la doten d&#8217;un clima suau i molt agradable durant\u00a0 tot l&#8217;any. Barcelona \u00e9s una ciutat multicultural, avantguardista i plena d&#8217; hist\u00f2ria, caracter\u00edstiques que [&hellip;]<\/p>\n","protected":false},"author":1,"featured_media":0,"parent":0,"menu_order":1,"comment_status":"open","ping_status":"open","template":"","meta":{"_et_pb_use_builder":"on","_et_pb_old_content":"","_et_gb_content_width":""},"_links":{"self":[{"href":"https:\/\/www.bcnweddingplanners.com\/cat\/wp-json\/wp\/v2\/pages\/98"}],"collection":[{"href":"https:\/\/www.bcnweddingplanners.com\/cat\/wp-json\/wp\/v2\/pages"}],"about":[{"href":"https:\/\/www.bcnweddingplanners.com\/cat\/wp-json\/wp\/v2\/types\/page"}],"author":[{"embeddable":true,"href":"https:\/\/www.bcnweddingplanners.com\/cat\/wp-json\/wp\/v2\/users\/1"}],"replies":[{"embeddable":true,"href":"https:\/\/www.bcnweddingplanners.com\/cat\/wp-json\/wp\/v2\/comments?post=98"}],"version-history":[{"count":24,"href":"https:\/\/www.bcnweddingplanners.com\/cat\/wp-json\/wp\/v2\/pages\/98\/revisions"}],"predecessor-version":[{"id":4127,"href":"https:\/\/www.bcnweddingplanners.com\/cat\/wp-json\/wp\/v2\/pages\/98\/revisions\/4127"}],"wp:attachment":[{"href":"https:\/\/www.bcnweddingplanners.com\/cat\/wp-json\/wp\/v2\/media?parent=98"}],"curies":[{"name":"wp","href":"https:\/\/api.w.org\/{rel}","templated":true}]}}