{"id":2219,"date":"2014-07-24T08:37:54","date_gmt":"2014-07-24T08:37:54","guid":{"rendered":"http:\/\/www.bcnweddingplanners.com\/cat\/?page_id=2219"},"modified":"2014-11-24T16:38:29","modified_gmt":"2014-11-24T15:38:29","slug":"wedding-expert-2","status":"publish","type":"page","link":"https:\/\/www.bcnweddingplanners.com\/cat\/wedding-expert-2\/","title":{"rendered":"Wedding Expert"},"content":{"rendered":"<p>[et_pb_section][et_pb_row][et_pb_column type=&#8221;4_4&#8243;][et_pb_text admin_label=&#8221;Text&#8221; background_layout=&#8221;light&#8221; text_orientation=&#8221;left&#8221;]<\/p>\n<p style=\"text-align: justify;\">La <strong>Marta Priu<\/strong> \u00e9s Publicista per la\u00a0<strong> Universitat Abad Oliba <\/strong>amb un M\u00e0ster en M\u00e0rqueting i Comunicaci\u00f3 del sector de la Moda i del Luxe impartit <a style=\"text-align: justify;\" href=\"http:\/\/www.bcnweddingplanners.com\/cat\/wp-content\/uploads\/sites\/5\/2014\/07\/wedding-expert_marta_priu.png\"><img decoding=\"async\" loading=\"lazy\" class=\"alignright wp-image-3528 size-full\" style=\"margin-top: 30px; margin-bottom: 20px; margin-left: 5px;\" src=\"http:\/\/www.bcnweddingplanners.com\/cat\/wp-content\/uploads\/sites\/5\/2014\/07\/wedding-expert_marta_priu.png\" alt=\"wedding-expert_marta_priu\" width=\"450\" height=\"320\" srcset=\"https:\/\/www.bcnweddingplanners.com\/cat\/wp-content\/uploads\/sites\/5\/2014\/07\/wedding-expert_marta_priu.png 450w, https:\/\/www.bcnweddingplanners.com\/cat\/wp-content\/uploads\/sites\/5\/2014\/07\/wedding-expert_marta_priu-400x284.png 400w\" sizes=\"(max-width: 450px) 100vw, 450px\" \/><\/a>per la <strong>Universitat Complutense de Madrid i la prestigiosa revista ELLE<\/strong>.<\/p>\n<p style=\"text-align: justify;\">La <strong>Marta Priu<\/strong> va fundar <strong>Bcn Wedding Planners<\/strong> l&#8217;any 2005 convertint-se en una de les ag\u00e8ncies pioneres en introduir a Espanya el concepte de wedding planner com a professional del disseny i l&#8217;organitzaci\u00f3 de casaments. La <strong>Marta Priu<\/strong> \u00e9s, en l&#8217;actualitat, una <strong>Wedding Planner &amp; Designer<\/strong> de reconegut prestigi a Espanya.<\/p>\n<p style=\"text-align: justify;\">L&#8217;any 2007 va fundar <a title=\"Bcn Event Planners\" href=\"http:\/\/www.bcneventplanners.com\" target=\"_blank\"><strong>Bcn Event Planner<\/strong>s <\/a>(ag\u00e8ncia de disseny i organitzaci\u00f3 d&#8217;actes corporatius), d&#8217;entre els seus clients es troben empreses\u00a0 de gran renom Nacional i Internacional com <strong>HP, Swarovski, Prudential, Unicredit, Laboratoris Menarini, Privalia,\u00a0Softonic,\u00a0&#8230;<\/strong><\/p>\n<p style=\"text-align: justify;\">La <strong>Marta Priu<\/strong> \u00e9s membre de l&#8217;<em><strong>Associaci\u00f3 Independent de Joves Empresaris de Catalunya<\/strong> <\/em>(AIJEC) i, professora en actiu de cursos de wedding planner (formaci\u00f3 pr\u00f2pia amb ensenyan\u00e7a a m\u00e9s de 100 alumnes de diferents pa\u00efsos).<\/p>\n<p>Ha estat entrevistada pels Mitjans de Comunicaci\u00f3 m\u00e9s prestigiosos del pa\u00eds com ara \u201c<a title=\"El Mundo\" href=\"http:\/\/www.bcnweddingplanners.com\/cat\/project\/el-mundo\/\" target=\"_blank\"><strong>El Mundo<\/strong><\/a>\u201d, \u201c<a title=\"La Vanguardia \u2013 Suplemento ES\" href=\"http:\/\/www.bcnweddingplanners.com\/cat\/project\/la-vanguardia-suplemento-es\/\" target=\"_blank\"><strong>La Vanguardia<\/strong><\/a>\u201d, \u201c<a title=\"Premsa\" href=\"http:\/\/www.bcnweddingplanners.com\/cat\/premsa\/\" target=\"_blank\"><strong>El Peri\u00f3dico<\/strong><\/a>\u201d, \u201c<a title=\"radio y tv wedding planners\" href=\"http:\/\/www.bcnweddingplanners.com\/cat\/radio-%C2%ADtv\/\" target=\"_blank\"><strong>RTVE<\/strong><\/a>\u201d, \u201c<a title=\"Tv3 \u2013 Informativos\" href=\"http:\/\/www.bcnweddingplanners.com\/cat\/project\/tv3-informativos\/\" target=\"_blank\"><strong>TV3<\/strong><\/a>\u201d\u2026, aix\u00ed com, ha participat en multitud de tert\u00falies com a experta Wedding Planner &amp; Designer.<\/p>\n<p>La<strong> Marta Priu<\/strong> decideix l&#8217;any 2014 crear aquest projecte a escala Nacional, un servei <em><strong>F<\/strong><strong><em>irst <\/em>Class\u00a0<\/strong><\/em>pels clients m\u00e9s exclusius i exigents.<\/p>\n<p>&nbsp;<\/p>\n<p>&nbsp;<\/p>\n<p>[\/et_pb_text][\/et_pb_column][\/et_pb_row][\/et_pb_section]<\/p>\n","protected":false},"excerpt":{"rendered":"<p><div class=\"et_pb_section et_pb_section_0 et_section_regular\" >\n\t\t\t\t\n\t\t\t\t\n\t\t\t\t\n\t\t\t\t\n\t\t\t\t\n\t\t\t\t\n\t\t\t\t\n\t\t\t\t\n\t\t\t\t\n\t\t\t<\/div><div class=\"et_pb_row et_pb_row_0 et_pb_row_empty\">\n\t\t\t\t\n\t\t\t\t\n\t\t\t\t\n\t\t\t\t\n\t\t\t\t\n\t\t\t<\/div> La Marta Priu \u00e9s Publicista per la\u00a0 Universitat Abad Oliba amb un M\u00e0ster en M\u00e0rqueting i Comunicaci\u00f3 del sector de la Moda i del Luxe impartit per la Universitat Complutense de Madrid i la prestigiosa revista ELLE. La Marta Priu va fundar Bcn Wedding Planners l&#8217;any 2005 convertint-se en una de les ag\u00e8ncies pioneres [&hellip;]<\/p>\n","protected":false},"author":1,"featured_media":0,"parent":0,"menu_order":0,"comment_status":"open","ping_status":"open","template":"","meta":{"_et_pb_use_builder":"on","_et_pb_old_content":"<p style=\"text-align: justify;\"><strong>Marta Priu<\/strong> es Publicista por la <strong>Universidad Abad Oliba<\/strong> con un M\u00e1ster\u00a0en M\u00e1rketing y Comunicaci\u00f3n del sector de la Moda y del Lujo impartido por la <strong>Universidad Complutense de Madrid<\/strong> y la <strong>revista ELLE<\/strong>.<\/p><p style=\"text-align: justify;\">Fund\u00f3<strong> Bcn Wedding Planners<\/strong> en 2005 siendo una de las agencias pioneras en introducir en Espa\u00f1a el concepto del wedding planner, como profesional del dise\u00f1o y de la organizaci\u00f3n de bodas. <strong>Marta Priu<\/strong> es, en la actualidad, una <strong>Wedding Planner & Designer<\/strong> de reconocido prestigio en Espa\u00f1a.<\/p><p style=\"text-align: justify;\">En el a\u00f1o 2007 fund\u00f3 <strong><a href=\"http:\/\/www.bcneventplanners.com\">Bcn Event Planners<\/a>, <\/strong>una\u00a0agencia de dise\u00f1o y de organizaci\u00f3n de eventos corporativos, entre cuyos clientes se encuentran empresas de gran renombre Nacional e Internacional como<strong> HP, Swarovski, Prudential, Unicredit, Laboratorios Menarini, Privalia, Softonic...<\/strong><\/p><p style=\"text-align: justify;\"><strong>Marta,\u00a0<\/strong>es miembro de la \"<em><strong>Associaci\u00f3 Independent de Joves Empresaris de Catalunya<\/strong><\/em>\" (AIJEC) y, profesora en activo de cursos de wedding planner (formaci\u00f3n propia, con ense\u00f1anza a m\u00e1s de 100 alumnas de diferentes pa\u00edses).<\/p><p><strong>Marta Priu<\/strong> ha sido entrevistada por los medios de comunicaci\u00f3n m\u00e1s prestigiosos de Espa\u00f1a, tales como \u201c<a title=\"El mundo\" href=\"http:\/\/www.bcnweddingplanners.com\/cat\/medios\/prensa\/\"><strong>El Mundo<\/strong><\/a>\u201d, \u201c<a title=\"La vanguardia\" href=\"http:\/\/www.bcnweddingplanners.com\/cat\/medios\/prensa\/\"><strong>La Vanguardia<\/strong><\/a>\u201d, \u201c<a title=\"El peri\u00f3dico\" href=\"http:\/\/www.bcnweddingplanners.com\/cat\/medios\/prensa\/\"><strong>El Peri\u00f3dico<\/strong><\/a>\u201d, \u201c<a title=\"TVE\" href=\"http:\/\/www.bcnweddingplanners.com\/cat\/medios\/radio-%C2%ADtv\/\"><strong>RTVE<\/strong><\/a>\u201d, \u201c<a title=\"TV3\" href=\"http:\/\/www.bcnweddingplanners.com\/cat\/medios\/radio-%C2%ADtv\/\"><strong>TV3<\/strong><\/a>\u201d\u2026, y ha participado en multitud de tertulias como experta Wedding Planner & Designer.<\/p><p><strong>Marta,\u00a0<\/strong>decide en 2010, empezar a gestar lo que en 2014 ha dado a luz, un proyecto a nivel Nacional, un servicio<em><strong> first class<\/strong><\/em> para los clientes m\u00e1s exclusivos y exigentes.<\/p><p>\u00a0<\/p>","_et_gb_content_width":""},"_links":{"self":[{"href":"https:\/\/www.bcnweddingplanners.com\/cat\/wp-json\/wp\/v2\/pages\/2219"}],"collection":[{"href":"https:\/\/www.bcnweddingplanners.com\/cat\/wp-json\/wp\/v2\/pages"}],"about":[{"href":"https:\/\/www.bcnweddingplanners.com\/cat\/wp-json\/wp\/v2\/types\/page"}],"author":[{"embeddable":true,"href":"https:\/\/www.bcnweddingplanners.com\/cat\/wp-json\/wp\/v2\/users\/1"}],"replies":[{"embeddable":true,"href":"https:\/\/www.bcnweddingplanners.com\/cat\/wp-json\/wp\/v2\/comments?post=2219"}],"version-history":[{"count":29,"href":"https:\/\/www.bcnweddingplanners.com\/cat\/wp-json\/wp\/v2\/pages\/2219\/revisions"}],"predecessor-version":[{"id":3869,"href":"https:\/\/www.bcnweddingplanners.com\/cat\/wp-json\/wp\/v2\/pages\/2219\/revisions\/3869"}],"wp:attachment":[{"href":"https:\/\/www.bcnweddingplanners.com\/cat\/wp-json\/wp\/v2\/media?parent=2219"}],"curies":[{"name":"wp","href":"https:\/\/api.w.org\/{rel}","templated":true}]}}

<p>[et_pb_section][et_pb_row][et_pb_column type=&#8221;4_4&#8243;][et_pb_text admin_label=&#8221;Text&#8221; background_layout=&#8221;light&#8221; text_orientation=&#8221;left&#8221;]</p>
<p style="text-align: justify;">La <strong>Marta Priu</strong> és Publicista per la <strong> Universitat Abad Oliba </strong>amb un Màster en Màrqueting i Comunicació del sector de la Moda i del Luxe impartit <a style="text-align: justify;" href="http://www.bcnweddingplanners.com/cat/wp-content/uploads/sites/5/2014/07/wedding-expert_marta_priu.png"><img decoding="async" loading="lazy" class="alignright wp-image-3528 size-full" style="margin-top: 30px; margin-bottom: 20px; margin-left: 5px;" src="http://www.bcnweddingplanners.com/cat/wp-content/uploads/sites/5/2014/07/wedding-expert_marta_priu.png" alt="wedding-expert_marta_priu" width="450" height="320" srcset="https://www.bcnweddingplanners.com/cat/wp-content/uploads/sites/5/2014/07/wedding-expert_marta_priu.png 450w, https://www.bcnweddingplanners.com/cat/wp-content/uploads/sites/5/2014/07/wedding-expert_marta_priu-400x284.png 400w" sizes="(max-width: 450px) 100vw, 450px" /></a>per la <strong>Universitat Complutense de Madrid i la prestigiosa revista ELLE</strong>.</p>
<p style="text-align: justify;">La <strong>Marta Priu</strong> va fundar <strong>Bcn Wedding Planners</strong> l&#8217;any 2005 convertint-se en una de les agències pioneres en introduir a Espanya el concepte de wedding planner com a professional del disseny i l&#8217;organització de casaments. La <strong>Marta Priu</strong> és, en l&#8217;actualitat, una <strong>Wedding Planner &amp; Designer</strong> de reconegut prestigi a Espanya.</p>
<p style="text-align: justify;">L&#8217;any 2007 va fundar <a title="Bcn Event Planners" href="http://www.bcneventplanners.com" target="_blank"><strong>Bcn Event Planner</strong>s </a>(agència de disseny i organització d&#8217;actes corporatius), d&#8217;entre els seus clients es troben empreses  de gran renom Nacional i Internacional com <strong>HP, Swarovski, Prudential, Unicredit, Laboratoris Menarini, Privalia, Softonic, &#8230;</strong></p>
<p style="text-align: justify;">La <strong>Marta Priu</strong> és membre de l&#8217;<em><strong>Associació Independent de Joves Empresaris de Catalunya</strong> </em>(AIJEC) i, professora en actiu de cursos de wedding planner (formació pròpia amb ensenyança a més de 100 alumnes de diferents països).</p>
<p>Ha estat entrevistada pels Mitjans de Comunicació més prestigiosos del país com ara “<a title="El Mundo" href="http://www.bcnweddingplanners.com/cat/project/el-mundo/" target="_blank"><strong>El Mundo</strong></a>”, “<a title="La Vanguardia – Suplemento ES" href="http://www.bcnweddingplanners.com/cat/project/la-vanguardia-suplemento-es/" target="_blank"><strong>La Vanguardia</strong></a>”, “<a title="Premsa" href="http://www.bcnweddingplanners.com/cat/premsa/" target="_blank"><strong>El Periódico</strong></a>”, “<a title="radio y tv wedding planners" href="http://www.bcnweddingplanners.com/cat/radio-%C2%ADtv/" target="_blank"><strong>RTVE</strong></a>”, “<a title="Tv3 – Informativos" href="http://www.bcnweddingplanners.com/cat/project/tv3-informativos/" target="_blank"><strong>TV3</strong></a>”…, així com, ha participat en multitud de tertúlies com a experta Wedding Planner &amp; Designer.</p>
<p>La<strong> Marta Priu</strong> decideix l&#8217;any 2014 crear aquest projecte a escala Nacional, un servei <em><strong>F</strong><strong><em>irst </em>Class </strong></em>pels clients més exclusius i exigents.</p>
<p>&nbsp;</p>
<p>&nbsp;</p>
<p>[/et_pb_text][/et_pb_column][/et_pb_row][/et_pb_section]</p>

<p><div class="et_pb_section et_pb_section_0 et_section_regular" >
				
				
				
				
				
				
				
				
				
			</div><div class="et_pb_row et_pb_row_0 et_pb_row_empty">
				
				
				
				
				
			</div> La Marta Priu és Publicista per la  Universitat Abad Oliba amb un Màster en Màrqueting i Comunicació del sector de la Moda i del Luxe impartit per la Universitat Complutense de Madrid i la prestigiosa revista ELLE. La Marta Priu va fundar Bcn Wedding Planners l&#8217;any 2005 convertint-se en una de les agències pioneres [&hellip;]</p>

<p style="text-align: justify;"><strong>Marta Priu</strong> es Publicista por la <strong>Universidad Abad Oliba</strong> con un Máster en Márketing y Comunicación del sector de la Moda y del Lujo impartido por la <strong>Universidad Complutense de Madrid</strong> y la <strong>revista ELLE</strong>.</p><p style="text-align: justify;">Fundó<strong> Bcn Wedding Planners</strong> en 2005 siendo una de las agencias pioneras en introducir en España el concepto del wedding planner, como profesional del diseño y de la organización de bodas. <strong>Marta Priu</strong> es, en la actualidad, una <strong>Wedding Planner & Designer</strong> de reconocido prestigio en España.</p><p style="text-align: justify;">En el año 2007 fundó <strong><a href="http://www.bcneventplanners.com">Bcn Event Planners</a>, </strong>una agencia de diseño y de organización de eventos corporativos, entre cuyos clientes se encuentran empresas de gran renombre Nacional e Internacional como<strong> HP, Swarovski, Prudential, Unicredit, Laboratorios Menarini, Privalia, Softonic...</strong></p><p style="text-align: justify;"><strong>Marta, </strong>es miembro de la "<em><strong>Associació Independent de Joves Empresaris de Catalunya</strong></em>" (AIJEC) y, profesora en activo de cursos de wedding planner (formación propia, con enseñanza a más de 100 alumnas de diferentes países).</p><p><strong>Marta Priu</strong> ha sido entrevistada por los medios de comunicación más prestigiosos de España, tales como “<a title="El mundo" href="http://www.bcnweddingplanners.com/cat/medios/prensa/"><strong>El Mundo</strong></a>”, “<a title="La vanguardia" href="http://www.bcnweddingplanners.com/cat/medios/prensa/"><strong>La Vanguardia</strong></a>”, “<a title="El periódico" href="http://www.bcnweddingplanners.com/cat/medios/prensa/"><strong>El Periódico</strong></a>”, “<a title="TVE" href="http://www.bcnweddingplanners.com/cat/medios/radio-%C2%ADtv/"><strong>RTVE</strong></a>”, “<a title="TV3" href="http://www.bcnweddingplanners.com/cat/medios/radio-%C2%ADtv/"><strong>TV3</strong></a>”…, y ha participado en multitud de tertulias como experta Wedding Planner & Designer.</p><p><strong>Marta, </strong>decide en 2010, empezar a gestar lo que en 2014 ha dado a luz, un proyecto a nivel Nacional, un servicio<em><strong> first class</strong></em> para los clientes más exclusivos y exigentes.</p><p> </p>
