{"id":2047,"date":"2014-06-04T11:00:20","date_gmt":"2014-06-04T11:00:20","guid":{"rendered":"http:\/\/www.bcnweddingplanners.com\/cat\/?page_id=2047"},"modified":"2014-11-25T12:13:08","modified_gmt":"2014-11-25T11:13:08","slug":"oficines-wedding-planners","status":"publish","type":"page","link":"https:\/\/www.bcnweddingplanners.com\/cat\/oficines-wedding-planners\/","title":{"rendered":"Oficines"},"content":{"rendered":"<p>[et_pb_section fullwidth=&#8221;on&#8221; specialty=&#8221;off&#8221;][et_pb_fullwidth_slider admin_label=&#8221;Fullwidth Slider&#8221; show_arrows=&#8221;on&#8221; show_pagination=&#8221;on&#8221; auto=&#8221;on&#8221; parallax=&#8221;off&#8221; auto_speed=&#8221;5000&#8243; parallax_method=&#8221;off&#8221;][et_pb_slide background_image=&#8221;http:\/\/www.bcnweddingplanners.com\/cat\/wp-content\/uploads\/sites\/5\/2014\/06\/1.jpg&#8221; background_color=&#8221;#ffffff&#8221; alignment=&#8221;center&#8221; background_layout=&#8221;dark&#8221; \/][et_pb_slide background_image=&#8221;http:\/\/www.bcnweddingplanners.com\/cat\/wp-content\/uploads\/sites\/5\/2014\/06\/2.jpg&#8221; background_color=&#8221;#ffffff&#8221; alignment=&#8221;center&#8221; background_layout=&#8221;dark&#8221; \/][et_pb_slide background_image=&#8221;http:\/\/www.bcnweddingplanners.com\/cat\/wp-content\/uploads\/sites\/5\/2014\/06\/3.jpg&#8221; background_color=&#8221;#ffffff&#8221; alignment=&#8221;center&#8221; background_layout=&#8221;dark&#8221; \/][\/et_pb_fullwidth_slider][\/et_pb_section][et_pb_section fullwidth=&#8221;off&#8221; specialty=&#8221;off&#8221;][et_pb_row][et_pb_column type=&#8221;4_4&#8243;][et_pb_text admin_label=&#8221;Text&#8221; background_layout=&#8221;light&#8221; text_orientation=&#8221;left&#8221;]<\/p>\n<p style=\"text-align: justify;\"><strong><span class=\"hiddenSpellError\">Bcn<\/span>\u00a0<span class=\"hiddenSpellError\">Wedding<\/span>\u00a0<span class=\"hiddenSpellError\">Planners<\/span>\u00a0<span class=\"hiddenSpellError\">by<\/span>\u00a0Marta\u00a0<span class=\"hiddenSpellError\">Priu<\/span><\/strong>\u00a0quan va iniciar la seca carrera, es va especialitzar en el disseny i l&#8217;organitzaci\u00f3 de <strong>Casaments a Barcelona<\/strong>.<\/p>\n<p>Al llarg dels anys, les nostres parelles de nuvis, cada vegada m\u00e9s, han anat ampliant les \u00e0rees geogr\u00e0fiques a on han escollit de casar-s&#8217;hi.<\/p>\n<p>Per proximitat, els casaments a la <strong>Costa Brava<\/strong> han estat les m\u00e9s sol\u00b7licitats i,\u00a0<strong><span class=\"hiddenSpellError\">Bcn<\/span>\u00a0<span class=\"hiddenSpellError\">Wedding<\/span>\u00a0<span class=\"hiddenSpellError\">Planners<\/span>\u00a0<span class=\"hiddenSpellError\">by<\/span>\u00a0Marta\u00a0<span class=\"hiddenSpellError\">Priu<\/span>\u00a0<\/strong>va decidir ampliar les sedes oficines a la Costa Brava, precisament per poder oferir el millor servei a totes aquelles <strong>&#8220;<span class=\"hiddenSpellError\">Wedding<\/span>\u00a0<span class=\"hiddenSpellError\">Destination<\/span>&#8220;<\/strong> que escolien la Costa Brava com a escenari pel seu Casament.<\/p>\n<p>La <strong>Marta\u00a0<span class=\"hiddenSpellError\">Priu<\/span><\/strong>, t\u00e9 una especial predilecci\u00f3 per les<strong> Illes Balears<\/strong>. \u00c9s un dels millors paratges paradis\u00edacs que coneix i, sempre que ha tingut l&#8217;ocasi\u00f3, s&#8217;ha despla\u00e7at a &#8220;Ses Illes&#8221; (<em>Mallorca, Eivissa, Menorca i Formentera)<\/em> per descobrir el mercat nupcial local.<\/p>\n<p style=\"text-align: justify;\">Des de fa ja alguns anys, les <strong>&#8220;<span class=\"hiddenSpellError\">Wedding<\/span>\u00a0<span class=\"hiddenSpellError\">Destination<\/span>&#8220;<\/strong> que hem organitzat s\u00f3n precisament, a les <strong>Illes Balears<\/strong>. Per aquest motiu i, per l&#8217;anteriorment descrit, la <strong>Marta\u00a0<span class=\"hiddenSpellError\">Priu<\/span><\/strong>\u00a0decideix\u00a0l&#8217;any 2014 obrir <strong>oficina a Eivissa<\/strong>.<\/p>\n<p>Inicialment, disseny\u00e0vem i organitz\u00e0vem <strong>Casaments a Barcelona<\/strong>, seguidament van ser els <strong>Casaments a la Costa Brava<\/strong> i ara, tamb\u00e9 els <strong>Casaments a les Illes Balears<\/strong>.<\/p>\n<p>Tot i que la nostra especialitzaci\u00f3 est\u00e0 centrada en aquestes tres \u00e0rees geogr\u00e0fiques,\u00a0<strong><span class=\"hiddenSpellError\">Bcn<\/span>\u00a0<span class=\"hiddenSpellError\">Wedding<\/span>\u00a0<span class=\"hiddenSpellError\">Planners<\/span>\u00a0<span class=\"hiddenSpellError\">by<\/span>\u00a0Marta\u00a0<span class=\"hiddenSpellError\">Priu<\/span><\/strong>, tamb\u00e9 ha dissenyat i organitzat casaments a altres cuitats i espais d&#8217;Espanya.<\/p>\n<p>[\/et_pb_text][\/et_pb_column][\/et_pb_row][\/et_pb_section][et_pb_section fullwidth=&#8221;off&#8221; specialty=&#8221;off&#8221;][et_pb_row][et_pb_column type=&#8221;1_3&#8243;][et_pb_blurb admin_label=&#8221;Blurb&#8221; title=&#8221;Casaments a la Costa Brava&#8221; url=&#8221;http:\/\/www.bcnweddingplanners.com\/cat\/costa-brava\/&#8221; url_new_window=&#8221;off&#8221; use_icon=&#8221;off&#8221; icon_color=&#8221;#e60a81&#8243; use_circle=&#8221;off&#8221; circle_color=&#8221;#e60a81&#8243; use_circle_border=&#8221;off&#8221; circle_border_color=&#8221;#e60a81&#8243; image=&#8221;http:\/\/www.bcnweddingplanners.com\/cat\/wp-content\/uploads\/sites\/5\/2014\/02\/costa_brava.png&#8221; icon_placement=&#8221;top&#8221; animation=&#8221;off&#8221; background_layout=&#8221;light&#8221; text_orientation=&#8221;center&#8221;]<\/p>\n<p><a href=\"mailto:costabrava@bcnweddingplanners.com\"><strong>costabrava@bcnweddingplanners.com<\/strong><\/a><\/p>\n<p>[\/et_pb_blurb][\/et_pb_column][et_pb_column type=&#8221;1_3&#8243;][et_pb_blurb admin_label=&#8221;Blurb&#8221; title=&#8221;Casaments a Barcelona&#8221; url=&#8221;http:\/\/www.bcnweddingplanners.com\/cat\/barcelona\/&#8221; url_new_window=&#8221;off&#8221; use_icon=&#8221;off&#8221; icon_color=&#8221;#e60a81&#8243; use_circle=&#8221;off&#8221; circle_color=&#8221;#e60a81&#8243; use_circle_border=&#8221;off&#8221; circle_border_color=&#8221;#e60a81&#8243; image=&#8221;http:\/\/www.bcnweddingplanners.com\/cat\/wp-content\/uploads\/sites\/5\/2014\/02\/barcelona1.png&#8221; icon_placement=&#8221;top&#8221; animation=&#8221;off&#8221; background_layout=&#8221;light&#8221; text_orientation=&#8221;center&#8221;]<\/p>\n<p><a href=\"mailto:barcelona@bcnweddingplanners.com\"><strong>barcelona@bcnweddingplanners.com<\/strong><\/a><\/p>\n<p>[\/et_pb_blurb][\/et_pb_column][et_pb_column type=&#8221;1_3&#8243;][et_pb_blurb admin_label=&#8221;Blurb&#8221; title=&#8221;Casaments a les Illes Balears&#8221; url=&#8221;http:\/\/www.bcnweddingplanners.com\/cat\/baleares\/&#8221; url_new_window=&#8221;off&#8221; use_icon=&#8221;off&#8221; icon_color=&#8221;#e60a81&#8243; use_circle=&#8221;off&#8221; circle_color=&#8221;#e60a81&#8243; use_circle_border=&#8221;off&#8221; circle_border_color=&#8221;#e60a81&#8243; image=&#8221;http:\/\/www.bcnweddingplanners.com\/cat\/wp-content\/uploads\/sites\/5\/2014\/02\/ibiza_wedding.png&#8221; icon_placement=&#8221;top&#8221; animation=&#8221;off&#8221; background_layout=&#8221;light&#8221; text_orientation=&#8221;center&#8221;]<\/p>\n<p><a href=\"mailto:baleares@bcnweddingplanners.com\"><strong>baleares@bcnweddingplanners.com<\/strong><\/a><\/p>\n<p>[\/et_pb_blurb][\/et_pb_column][\/et_pb_row][\/et_pb_section]<\/p>\n","protected":false},"excerpt":{"rendered":"<p><div class=\"et_pb_row et_pb_row_0 et_pb_row_empty\">\n\t\t\t\t\n\t\t\t\t\n\t\t\t\t\n\t\t\t\t\n\t\t\t\t\n\t\t\t<\/div> Bcn\u00a0Wedding\u00a0Planners\u00a0by\u00a0Marta\u00a0Priu\u00a0quan va iniciar la seca carrera, es va especialitzar en el disseny i l&#8217;organitzaci\u00f3 de Casaments a Barcelona. Al llarg dels anys, les nostres parelles de nuvis, cada vegada m\u00e9s, han anat ampliant les \u00e0rees geogr\u00e0fiques a on han escollit de casar-s&#8217;hi. Per proximitat, els casaments a la Costa Brava han estat les m\u00e9s [&hellip;]<\/p>\n","protected":false},"author":1,"featured_media":0,"parent":0,"menu_order":0,"comment_status":"open","ping_status":"open","template":"","meta":{"_et_pb_use_builder":"on","_et_pb_old_content":"","_et_gb_content_width":""},"_links":{"self":[{"href":"https:\/\/www.bcnweddingplanners.com\/cat\/wp-json\/wp\/v2\/pages\/2047"}],"collection":[{"href":"https:\/\/www.bcnweddingplanners.com\/cat\/wp-json\/wp\/v2\/pages"}],"about":[{"href":"https:\/\/www.bcnweddingplanners.com\/cat\/wp-json\/wp\/v2\/types\/page"}],"author":[{"embeddable":true,"href":"https:\/\/www.bcnweddingplanners.com\/cat\/wp-json\/wp\/v2\/users\/1"}],"replies":[{"embeddable":true,"href":"https:\/\/www.bcnweddingplanners.com\/cat\/wp-json\/wp\/v2\/comments?post=2047"}],"version-history":[{"count":23,"href":"https:\/\/www.bcnweddingplanners.com\/cat\/wp-json\/wp\/v2\/pages\/2047\/revisions"}],"predecessor-version":[{"id":3914,"href":"https:\/\/www.bcnweddingplanners.com\/cat\/wp-json\/wp\/v2\/pages\/2047\/revisions\/3914"}],"wp:attachment":[{"href":"https:\/\/www.bcnweddingplanners.com\/cat\/wp-json\/wp\/v2\/media?parent=2047"}],"curies":[{"name":"wp","href":"https:\/\/api.w.org\/{rel}","templated":true}]}}