{"id":1343,"date":"2014-10-19T09:58:50","date_gmt":"2014-10-19T09:58:50","guid":{"rendered":"http:\/\/www.bcnweddingplanners.com\/cat\/?page_id=1343"},"modified":"2018-09-21T19:19:08","modified_gmt":"2018-09-21T17:19:08","slug":"illes-baleares","status":"publish","type":"page","link":"https:\/\/www.bcnweddingplanners.com\/cat\/illes-baleares\/","title":{"rendered":"Illes Baleares"},"content":{"rendered":"<p>[et_pb_section fb_built=&#8221;1&#8243; fullwidth=&#8221;on&#8221; admin_label=&#8221;section&#8221; _builder_version=&#8221;3.0.47&#8243;][et_pb_fullwidth_slider admin_label=&#8221;Fullwidth Slider&#8221; _builder_version=&#8221;3.0.99&#8243; box_shadow_style=&#8221;preset6&#8243; box_shadow_blur=&#8221;10px&#8221; box_shadow_color=&#8221;rgba(0,0,0,0.1)&#8221; custom_padding=&#8221;|||&#8221; custom_padding_tablet=&#8221;|||&#8221; custom_padding_phone=&#8221;|||&#8221; show_inner_shadow=&#8221;on&#8221;][et_pb_slide _builder_version=&#8221;3.0.47&#8243; background_color=&#8221;#ffffff&#8221; background_image=&#8221;http:\/\/www.bcnweddingplanners.com\/cat\/wp-content\/uploads\/sites\/5\/2014\/05\/ibiza_wedding.jpg&#8221;][\/et_pb_slide][\/et_pb_fullwidth_slider][\/et_pb_section][et_pb_section fb_built=&#8221;1&#8243; admin_label=&#8221;section&#8221; _builder_version=&#8221;3.0.47&#8243;][et_pb_row admin_label=&#8221;row&#8221; _builder_version=&#8221;3.0.48&#8243; background_size=&#8221;initial&#8221; background_position=&#8221;top_left&#8221; background_repeat=&#8221;repeat&#8221;][et_pb_column type=&#8221;4_4&#8243; _builder_version=&#8221;3.0.47&#8243; parallax=&#8221;off&#8221; parallax_method=&#8221;on&#8221;][et_pb_text admin_label=&#8221;Text&#8221; _builder_version=&#8221;3.0.87&#8243; background_size=&#8221;initial&#8221; background_position=&#8221;top_left&#8221; background_repeat=&#8221;repeat&#8221; use_border_color=&#8221;off&#8221; border_color=&#8221;#ffffff&#8221; border_style=&#8221;solid&#8221;]<\/p>\n<p style=\"text-align: justify;\"><strong>DESTINATION WEDDINGS A LES ILLES BALEARS, CASAMENTS A LES ILLES BALEARS<\/strong><\/p>\n<p style=\"text-align: justify;\">Les Illes Balears s\u00f3n una de les comunitats aut\u00f2nomes d&#8217;Espanya on el Mar Mediterrani deixa els seus millors paisatges. \u00c9s un arxip\u00e8lag format per les illes de Mallorca, Menorca, Eivissa i Formentera. El clima \u00e9s suau i a Mallorca es gaudeix de m\u00e9s de 300 dies de sol a l&#8217;any.<br \/> Les seves platges, la seva gastronomia, la seva gent i la seva bona energia fan d&#8217;aquestes illes un lloc perfecte per a la celebraci\u00f3 d&#8217;importants celebracions com els casaments.<\/p>\n<p><strong>Destination Wedding a Eivissa<\/strong><br \/> La seva energia, la seva gastronomia, les seves tradicions, les seves muntanyes verdes i un ric patrimoni hist\u00f2ric i cultural s\u00f3n alguns dels regals que aquesta illa ens ofereix. \u00c9s l&#8217;escenari perfecte per un casament al vespre amb la posta de sol de fons, on la m\u00e0gia de la seva llum i els seus paisatges faran del dia del seu casament un dia \u00fanic. El seu estil bohemi i natural fa que la gent que trepitja l&#8217;illa hi vulgui tornar.<\/p>\n<p><strong>Destination Wedding a Formentera <\/strong><br \/> Una de les illes m\u00e9s verges habitades de la Mediterr\u00e0nia. Conserva la m\u00e0gia de les seves platges d&#8217;aig\u00fces cristal.lines i un ambient tranquil i natural. El seu acc\u00e9s limitat fa d&#8217;aquest indret, un lloc id\u00edl.lic per a la celebraci\u00f3 de casaments \u00edntims i d&#8217;aire personal.<br \/> L&#8217;illa gaudeix de llocs \u00fanics per a cerim\u00f2nies i banquets, sense dubte, els escenaris m\u00e9s m\u00e0gics per un casament a l&#8217;aire lliure acompanyat pel mar i les postes de sol.<\/p>\n<p><strong>Destination Wedding a Mallorca <\/strong><br \/> Mallorca \u00e9s la capital de les Illes Balears. Un lloc amb gran riquesa paisatg\u00edstica i una clara influ\u00e8ncia de l&#8217;\u00e8poca romana en la seva arquitectura.<br \/> Gran varietat de llocs \u00fanics i pintorescs per a la celebraci\u00f3 d&#8217;un casament; hotels de luxe, a la vora del mar, cases al camp, jardins, castells &#8230; La gastronomia i l&#8217;accessibilitat fan d&#8217;aquesta illa un lloc perfecte per a celebracions de casaments.<\/p>\n<p><strong>Destination Wedding a Menorca <\/strong><br \/> Una de les illes amb les millors platges i cales d&#8217;Espanya. Gaudeix de llocs \u00fanics a la vora del mar ideal per enlla\u00e7os al vespre amb aire elegant i despreocupat. Els seus paisatges id\u00edl.lics, les seves ermites de color blanc, les seves aig\u00fces cristal.lines juntament amb la seva gastronomia, seran caracter\u00edstiques del seu casament.<\/p>\n<p><strong><a href=\"mailto:baleares@bcnweddingplanners.com\">baleares@bcnweddingplanners.com<\/a><\/strong><\/p>\n<p>&nbsp;<\/p>\n<p>[\/et_pb_text][et_pb_code admin_label=&#8221;Code&#8221; _builder_version=&#8221;3.0.47&#8243;]&lt;iframe width=&quot;560&quot; height=&quot;315&quot; src=&quot;https:\/\/www.youtube.com\/embed\/k6J8Ev8zE_s&quot; frameborder=&quot;0&quot; allowfullscreen&gt;&lt;\/iframe&gt;[\/et_pb_code][\/et_pb_column][\/et_pb_row][\/et_pb_section]<\/p>\n","protected":false},"excerpt":{"rendered":"<p>DESTINATION WEDDINGS A LES ILLES BALEARS, CASAMENTS A LES ILLES BALEARS Les Illes Balears s\u00f3n una de les comunitats aut\u00f2nomes d&#8217;Espanya on el Mar Mediterrani deixa els seus millors paisatges. \u00c9s un arxip\u00e8lag format per les illes de Mallorca, Menorca, Eivissa i Formentera. El clima \u00e9s suau i a Mallorca es gaudeix de m\u00e9s de [&hellip;]<\/p>\n","protected":false},"author":1,"featured_media":0,"parent":0,"menu_order":0,"comment_status":"open","ping_status":"open","template":"","meta":{"_et_pb_use_builder":"on","_et_pb_old_content":"<p>LAS ISLAS BALEARES <br \/><br \/>Las Islas Baleares son una de las comunidades aut\u00f3nomas de Espa\u00f1a donde el Mar Mediterr\u00e1neo deja sus mejores paisajes.<br \/><br \/>Es un archipi\u00e9lago formado por las islas de Mallorca, Menorca, Ibiza y Formentera.<br \/><br \/>El clima es suave y en Mallorca se goza de m\u00e1s de 300 d\u00edas de sol al a\u00f1o.<br \/><br \/>Sus playas, su gastronom\u00eda, sus gentes y su buena energ\u00eda hacen de estas islas un lugar perfecto para la celebraci\u00f3n de importantes celebraciones como las bodas.<br \/><br \/>IBIZA<br \/><br \/>Su energ\u00eda, su gastronom\u00eda, sus tradiciones, sus monta\u00f1as verdes y un rico patrimonio hist\u00f3rico y cultural son algunos de los regalos que esta isla nos ofrece.<br \/><br \/>Es el escenario perfecto para una boda al atardecer con la puesta de sol de fondo, donde la magia de su luz y sus paisajes har\u00e1n de el d\u00eda de su boda un d\u00eda \u00fanico. <br \/><br \/>Su estilo bohemio y natural hace que la gente que pisa la isla desee volver.<br \/><br \/>FORMENTERA<br \/><br \/>Una de las islas m\u00e1s v\u00edrgenes habitadas del Mediterr\u00e1neo. Conserva la magia de sus playas de aguas cristalinas\u00a0 y un ambiente tranquilo y natural.<br \/><br \/>Su acceso limitado, hace de este paraje un lugar id\u00edlico para la celebraci\u00f3n de bodas \u00edntimas y de aire personal. <br \/><br \/>Goza de lugares \u00fanicos para ceremonias y banquetes, sin duda el escenario m\u00e1s m\u00e1gico para una boda al aire libre acompa\u00f1ada por la brisa del mar y las puestas de sol.<br \/><br \/><br \/>MALLORCA<br \/><br \/>Mallorca es la capital de las Islas Baleares.<br \/><br \/>Un lugar con gran riqueza paisaj\u00edstica y una clara influencia de la \u00e9poca romana en sus arquitectura.<br \/><br \/>Gran variedad de lugares \u00fanicos y pintorescos para la celebraci\u00f3n de una boda; hoteles de lujo, a la orilla del mar, casas en el campo, jardines, castillos\u2026<br \/><br \/>Su gastronom\u00eda y su accesibilidad hacen de \u00e9sta isla un lugar perfecto para celebraciones de boda.<br \/><br \/>MENORCA<br \/><br \/>Una de las islas con las mejores playas y calas de Espa\u00f1a. <br \/><br \/>Goza de lugares \u00fanicos a la orilla del mar ideales para bodas al atardecer con aire elegante y desenfadadas. <br \/><br \/>Sus paisajes id\u00edlicos, sus ermitas en color blanco, sus aguas cristalinas junto a su gastronom\u00eda, ser\u00e1n caracter\u00edsticos de su boda. <br \/><br \/><\/p>","_et_gb_content_width":""},"_links":{"self":[{"href":"https:\/\/www.bcnweddingplanners.com\/cat\/wp-json\/wp\/v2\/pages\/1343"}],"collection":[{"href":"https:\/\/www.bcnweddingplanners.com\/cat\/wp-json\/wp\/v2\/pages"}],"about":[{"href":"https:\/\/www.bcnweddingplanners.com\/cat\/wp-json\/wp\/v2\/types\/page"}],"author":[{"embeddable":true,"href":"https:\/\/www.bcnweddingplanners.com\/cat\/wp-json\/wp\/v2\/users\/1"}],"replies":[{"embeddable":true,"href":"https:\/\/www.bcnweddingplanners.com\/cat\/wp-json\/wp\/v2\/comments?post=1343"}],"version-history":[{"count":22,"href":"https:\/\/www.bcnweddingplanners.com\/cat\/wp-json\/wp\/v2\/pages\/1343\/revisions"}],"predecessor-version":[{"id":4129,"href":"https:\/\/www.bcnweddingplanners.com\/cat\/wp-json\/wp\/v2\/pages\/1343\/revisions\/4129"}],"wp:attachment":[{"href":"https:\/\/www.bcnweddingplanners.com\/cat\/wp-json\/wp\/v2\/media?parent=1343"}],"curies":[{"name":"wp","href":"https:\/\/api.w.org\/{rel}","templated":true}]}}